u(l) = -2*l**3 + 15*l**2 - 3*l + 3. Let c be -7 - (-7)/(7/2). Let s(k) = c*o(k) - 8*u(k). Calculate s(4).
1
Let n(u) = u - 2. Let j be n(2). Let a be -2*(3 + (-55)/10). Let r(t) = 9 + 5*t - 4*t - a + j. Calculate r(-3).
1
Let y(d) = -3*d + 10. Let w = -7 - -10. Let l(x) = -x - 4 + 9 - x. Let m(c) = w*y(c) - 5*l(c). Calculate m(4).
9
Let v(t) = -18*t - 230. Let x be v(-13). Let p(n) = -3*n**2 + 8*n - 4. Give p(x).
-20
Let c = 1 - -2. Suppose 0 = 2*j, 9*o - 3*j = 4*o + 20. Let l(g) = -o + 12*g**2 + 3*g - 25*g**2 + g**c + 8*g**2. Give l(4).
-8
Let j be ((-321)/9)/((-11)/33). Let d = 117 - j. Let n(c) = c**3 - 11*c**2 + 12*c - 12. What is n(d)?
8
Let w(p) be the second derivative of -p**4/6 + p**3/2 - 2*p**2 + 325*p. Give w(3).
-13
Let o = -31 + 37. Let w be 3/((-27)/o) + (-23)/(-3). Let k(p) = p**3 - 7*p**2 - p - 1. Determine k(w).
-8
Let y(r) = -5*r - 6. Suppose -5*a = -3*s - 35 + 1, 2*s + 3*a - 9 = 0. What is y(s)?
9
Let s be (-6)/15 + (603/15)/3. Let w(j) = -3*j - 7. Give w(s).
-46
Let w(m) = -m**3 + 6*m**2 - 5*m - 1. Let t be (-61 - -4)*3*1/3. Let a = t + 62. What is w(a)?
-1
Let k = -10 + 17. Let r be k + -1 - 18/6. Suppose 2*o = -5*b + r + 3, 3*b - 3*o = 12. Let d(n) = n**3 - n**2. Calculate d(b).
4
Let l(w) = w**2 - 4*w. Let o(c) = 4*c**2 - 17*c. Let y(r) = -9*l(r) + 2*o(r). Suppose -20 + 6 = -14*p. What is y(p)?
1
Let n(q) be the second derivative of -q**5/20 + q**4/2 - q**3/6 + 5*q**2 - 161*q. What is n(6)?
4
Let u(b) = -b**3 - 2*b**2 + 2. Let y(v) = -3*v**2 + 39*v - 10. Let x be y(11). Let h = x + -59. Give u(h).
11
Let m(z) be the third derivative of 1/12*z**4 + 0*z + 0 - 1/6*z**3 + 1/20*z**5 + 3*z**2. Let u = 203 - 202. Give m(u).
4
Let n(i) = -i**2 + i - 5. Suppose -19*y - 26*y + 47*y = 0. Determine n(y).
-5
Let l(c) = -c**2 - 4*c + 1. Let j = -286 + 278. Determine l(j).
-31
Let l = 33 - 44. Let n(q) = -q**3 - 11*q**2 + q. Give n(l).
-11
Let x be ((-7)/(-14))/((-1)/(-30)). Let t = -6 + x. Let h(p) = 3 - t + p + 0. Determine h(5).
-1
Let y(t) = t**3 + 3*t**2 + 5*t - 4. Let l(o) = o**3 + 4*o**2 + 6*o - 3. Let n(j) = 2*j**2 + 3*j - 5. Let d be n(-3). Let v(w) = d*l(w) - 5*y(w). Determine v(0).
8
Suppose 0 = 14*l - 13*l - 3. Let i(p) = 2*p - 8*p**l + 7*p**2 + 18 - 9 + 9*p**3. Calculate i(-7).
-5
Let o be (0/3 - -1) + 1. Suppose 0*h + 4 = o*h. Suppose -3*d + 3*i = 9, 0 = -3*d + h*d - i + 5. Let f(s) = -4*s**2 - 2*s + 1. Determine f(d).
-5
Suppose -2*h - 1 = -3. Let i(a) = -2*a**3 + 0*a + a + 7*a**3 + a**2 + 0*a**3 - 1. Determine i(h).
6
Let j(k) = 12 - 8 - 3*k - 6. Determine j(6).
-20
Let u(a) = -3*a. Let n = 335 + -327. What is u(n)?
-24
Suppose 0 = 2*t + 3*t + 10. Let y be t/(-3) - 14/3. Let u(c) be the third derivative of c**5/60 + c**4/4 + c**3/3 - 3*c**2 + 89. Calculate u(y).
-6
Let v(n) = 13*n - 6*n + 0 - 8*n - 2. Give v(-4).
2
Let u(k) = -k - 5*k + 0 - 5. Let j = 1478 + -1482. Calculate u(j).
19
Let s(j) = j**3 - 9*j**2 - 7. Let f(a) = -2*a**2 - 53*a + 93. Let v be f(-28). What is s(v)?
-7
Let x(z) = -7*z + 2. Suppose -2*u = -2*o + 40, -o = o + u - 40. Suppose -2*r = -o + 16. Give x(r).
-12
Let i = 137 + -145. Let f(l) = l. Give f(i).
-8
Let a(k) = -44*k**2 + 11 - 2*k + k**3 + 39*k**2 - 12. Determine a(5).
-11
Let v(t) = -t + 4. Let k be (0 + 1)/(1/6). Let c be (-18 - 3)/(-8 - -5) + 5. Let o = c - k. Give v(o).
-2
Let t(r) = r. Let q(a) = -2*a + 4. Let k be q(0). Suppose 15 = u + k*u. Give t(u).
3
Let v(r) = -6 + 2 - 8 + 3*r**3 - 2*r - 1 - 4*r**3 - 15*r**2. What is v(-15)?
17
Let v(r) = 0*r + 2*r + r - 6*r. Let j(x) = x**3 + 10*x**2 + 8*x - 9. Let y be j(-9). Let h be -2 - 1*(y + 0). Determine v(h).
6
Let z(d) = -133*d**2 + 264*d**2 + d - 4 - 132*d**2 + 2. Let i(s) = -2*s - 1. Let j be i(-2). Calculate z(j).
-8
Let h = 9 + 1. Suppose 0 = 3*y + 2*y - h. Let r(a) = 2*a - 7*a**y + 41 - a**3 - 6*a - 43 - 2*a. Determine r(-6).
-2
Let j be 1/(((-7)/(-98))/(1/(-2))). Let f(b) = b**2 + 9*b + 5. What is f(j)?
-9
Let v = 102 - 57. Suppose -v = -2*d - 7*d. Let f(z) = z**3 - 5*z**2 + z - 6. What is f(d)?
-1
Let p(h) = -7*h**2 - 7*h - 4*h**3 - 2 - 78*h**3 + 83*h**3 + 0. Let b be (0 - (-1 + -8)) + -1. Determine p(b).
6
Let l = -11 - -10. Let v be 228/24 + l/2. Let f(m) = m**3 - 10*m**2 + 7*m + 10. Determine f(v).
-8
Let r = -201 + 124. Let o = 83 + r. Let f(k) be the second derivative of k**5/20 - 7*k**4/12 + 5*k**3/6 + k**2/2 - 2*k. Calculate f(o).
-5
Let k be (-36)/8 + (-5 - 45/(-10)). Let q(y) = -2*y - 9. Let x(f) = 2*f + 10. Let d(v) = -5*q(v) - 4*x(v). What is d(k)?
-5
Let r(k) be the second derivative of k**5/20 - 7*k**4/12 + 5*k**3/6 + 29*k. Suppose 3*h - 72 = -h. Suppose -h = -4*o + 6. Calculate r(o).
-6
Let h(d) = -2*d**3 + 5*d**2 - 4*d + 2. Let s be (-162)/(-45) - ((-30)/25)/(-2). Calculate h(s).
-19
Let a(f) = -f**2 - 6*f - 9. Let u = -44 + 38. Calculate a(u).
-9
Let a(u) = 5*u**3 - 11*u**2 - 5*u + 11. Let g(r) = -r**3 + r**2 - r + 2. Let p(v) = -a(v) - 4*g(v). Calculate p(8).
-11
Let s be 0 - (1*4 + (-18 - -12)). Let c(m) = -m**2 + 7 + 1 + 2*m**s + m**3 + 6*m**2 - 8*m. What is c(-8)?
8
Let d(u) = -u**2 - 10*u - 5. Let c be d(-5). Let w = -19 + c. Let z(l) = -2*l. What is z(w)?
-2
Let j(u) be the first derivative of -28 - 5/3*u**3 + 7/2*u**2 - 5*u - 1/4*u**4. Let v be 6*(0 + 2/(-2)). What is j(v)?
-11
Suppose 34 = -x + 6*c - c, 5*c + 23 = -2*x. Let f = 20 + x. Let r(w) = 15*w - 1. Determine r(f).
14
Let y(z) = z - 3. Let n(k) = -k**3 - 32*k**2 - 3*k - 100. Let h be n(-32). What is y(h)?
-7
Let i(h) = 7*h + 24. Let p(r) = -13*r - 42. Let l(w) = -7*i(w) - 4*p(w). Let y(d) = d**2 - d. Let f be y(0). Let n = 1 - f. Determine l(n).
3
Let l(h) = h + 12. Let v(q) = -38 + 12*q - 8*q - 3*q + 8. Let u be v(25). Determine l(u).
7
Let c(f) = f**2 - 15*f + 20. Let j be c(13). Let d be (21/(-6))/(3/j). Let a(q) = -q + 4. Determine a(d).
-3
Let b = -210 - -210. Let s(g) be the third derivative of -1/12*g**5 - 1/120*g**6 + g**2 + 1/2*g**3 + b*g - 1/12*g**4 + 0. Give s(-4).
-5
Let b(h) = -h**3 + 2*h. Let c(z) = -3*z**3 - 10*z**2 + 16*z - 8. Let r(i) = -2*b(i) + c(i). Give r(-11).
-19
Let t(z) = z - 2. Let p = 39 + -19. Suppose -5*v + p + 11 = -3*j, 3*v - 17 = j. What is t(j)?
-4
Let u(r) = -3*r - r**2 - 15 + 12 - 5*r + 2*r. Let m be (-3 + -1)*2*105/120. What is u(m)?
-10
Let h(a) = 4*a - 2 - 2 + 0*a + 2 - 5. Calculate h(8).
25
Let k(r) = -r**2 - 9*r - 9. Suppose -2*t - 32 = 5*d, 51*d - 2*t = 49*d - 10. Determine k(d).
9
Let f(a) be the second derivative of -a**5/30 - a**4/8 + 7*a**3/6 - 15*a. Let s(r) be the second derivative of f(r). Let d be (5 + -2)*(-4)/6. Calculate s(d).
5
Suppose 228 = 4*f + 92. Suppose 0 = 5*g + q + f, -2*q = 5*g + 21 + 17. Let x(m) be the second derivative of m**4/12 + 7*m**3/6 - 11*m. Calculate x(g).
-6
Let m = 14 - 61. Let d = 46 + m. Let t(r) = 3*r. What is t(d)?
-3
Let q(u) be the first derivative of u**2 - 3*u + 2. Let n(t) = -t**3 + 5*t**2 - 11*t + 33. Let v be n(4). Determine q(v).
7
Let c(p) be the first derivative of 2*p**2 - 3*p - 31. Suppose 0 = -2*v - 0*v, 3*r + 3 = 3*v. Let n = 2 - r. Calculate c(n).
9
Let q(z) be the third derivative of 0 + 7*z**2 - 1/24*z**4 + 0*z - 1/6*z**3 + 1/60*z**5 - 1/120*z**6. Calculate q(0).
-1
Suppose -x + 4 = 1. Suppose -5 + 13 = 4*l. Let g(i) = -5*i**l + 11*i**2 - 2*i + 3 - 4 - 5*i**2. Calculate g(x).
2
Let n(h) = -h**2 - 6*h - 6. Let d be (-412)/20 + (-2)/5. Let l be (-28)/49 - (-114)/d. Calculate n(l).
-6
Let u(v) be the third derivative of -v**6/120 + 7*v**5/60 + 5*v**4/24 + v**3/6 + 291*v**2. Determine u(6).
67
Suppose 8 = -2*i - 4*r, 4*i = -r + 2 + 3. Let z(f) be the first derivative of -i*f**3 + 2*f**2 + 1/4*f**4 + 4*f + 3. Calculate z(5).
-1
Let m(g) = -g**2 - 13*g + 1. Let j = 298 - 311. Give m(j).
1
Let c(a) = -447*a + a**3 + 6*a**2 + 1 - 458*a + 2 + 913*a. What is c(-5)?
-12
Let m(s) = -s + 6. Let f(u) = u**3 - 4*u**2 - 4*u + 4. Let a be f(4). Let p = a + 8. Let y be (1 + -2)*(p - -9). What is m(y)?
11
Suppose 2*g = 0, 10 = -2*d - 0*d - 5*g. Let h(s) be the third derivative of s**6/120 + s**5/15 - 5*s**4/24 - 5*s**3/6 - 56*s**2. Calculate h(d).
-5
Let l(x) = -x**3 + 3*x**2 - 3*x - 2. Suppose 166 - 128 = 19*v. Give l(v).
-4
Let f(l) = -l**3 + 9*l**2 + 13*l + 6. Let t be f(10). Suppose -g + 6*g + 2*x = t, 0 = 4*g - 3*x - 38. Let o(q) = q**2 - 10*q + 6. Calculate o(g).
-10